{"id":481,"date":"2025-04-13T08:57:01","date_gmt":"2025-04-13T06:57:01","guid":{"rendered":"https:\/\/association-nigeriens-toulouse.fr\/?page_id=481"},"modified":"2025-04-13T09:17:22","modified_gmt":"2025-04-13T07:17:22","slug":"boutique","status":"publish","type":"page","link":"https:\/\/association-nigeriens-toulouse.fr\/?page_id=481","title":{"rendered":"Boutique"},"content":{"rendered":"\n<p>Chers visiteurs,<\/p>\n\n\n\n<p>Nous avons le plaisir de vous annoncer l\u2019ouverture prochaine de notre <strong>boutique en ligne d\u00e9di\u00e9e \u00e0 l\u2019artisanat nig\u00e9rien<\/strong>, port\u00e9e par l\u2019<strong>Association des Nig\u00e9riens de Toulouse<\/strong>.<\/p>\n\n\n\n<p>Cette boutique mettra \u00e0 l\u2019honneur le savoir-faire unique des artisans du Niger, \u00e0 travers une s\u00e9lection de produits faits main : objets d\u00e9coratifs, accessoires traditionnels, bijoux, textiles et bien plus encore. Chaque article raconte une histoire, un h\u00e9ritage, un lien entre culture et cr\u00e9ativit\u00e9.<\/p>\n\n\n\n<p>\ud83c\udf0d <strong>Pourquoi cette boutique ?<\/strong><br>En soutenant cette initiative, vous contribuez directement \u00e0 la valorisation de l\u2019artisanat nig\u00e9rien et au d\u00e9veloppement local. Une partie des b\u00e9n\u00e9fices servira \u00e0 financer nos projets solidaires et culturels en France et au Niger.<\/p>\n\n\n\n<p>\ud83d\udce6 <strong>Lancement tr\u00e8s bient\u00f4t !<\/strong><br>La boutique sera disponible \u00e0 cette adresse :<br>\ud83d\udc49 <a class=\"\" href=\"https:\/\/www.helloasso.com\/associations\/association-des-nigeriens-de-toulouse\/boutiques\/artinanat-du-niger\">helloasso.com\/boutiques\/artinanat-du-niger<\/a><\/p>\n\n\n\n<p>Restez connect\u00e9s ! Suivez-nous sur nos r\u00e9seaux sociaux ou inscrivez-vous \u00e0 notre newsletter pour \u00eatre inform\u00e9 d\u00e8s l\u2019ouverture.<\/p>\n\n\n\n<p>\u00c0 tr\u00e8s bient\u00f4t pour c\u00e9l\u00e9brer ensemble la richesse de l\u2019artisanat nig\u00e9rien !<\/p>\n","protected":false},"excerpt":{"rendered":"<p>Chers visiteurs, Nous avons le plaisir de vous annoncer l\u2019ouverture prochaine de notre boutique en ligne d\u00e9di\u00e9e \u00e0 l\u2019artisanat nig\u00e9rien, port\u00e9e par l\u2019Association des Nig\u00e9riens de Toulouse. Cette boutique mettra \u00e0 l\u2019honneur le savoir-faire unique des artisans du Niger, \u00e0 travers une s\u00e9lection de produits faits main : objets d\u00e9coratifs, accessoires traditionnels, bijoux, textiles et [&hellip;]<\/p>\n","protected":false},"author":2,"featured_media":497,"parent":0,"menu_order":0,"comment_status":"closed","ping_status":"closed","template":"page-template\/custom-home-page.php","meta":{"footnotes":""},"class_list":["post-481","page","type-page","status-publish","has-post-thumbnail","hentry"],"_links":{"self":[{"href":"https:\/\/association-nigeriens-toulouse.fr\/index.php?rest_route=\/wp\/v2\/pages\/481","targetHints":{"allow":["GET"]}}],"collection":[{"href":"https:\/\/association-nigeriens-toulouse.fr\/index.php?rest_route=\/wp\/v2\/pages"}],"about":[{"href":"https:\/\/association-nigeriens-toulouse.fr\/index.php?rest_route=\/wp\/v2\/types\/page"}],"author":[{"embeddable":true,"href":"https:\/\/association-nigeriens-toulouse.fr\/index.php?rest_route=\/wp\/v2\/users\/2"}],"replies":[{"embeddable":true,"href":"https:\/\/association-nigeriens-toulouse.fr\/index.php?rest_route=%2Fwp%2Fv2%2Fcomments&post=481"}],"version-history":[{"count":2,"href":"https:\/\/association-nigeriens-toulouse.fr\/index.php?rest_route=\/wp\/v2\/pages\/481\/revisions"}],"predecessor-version":[{"id":496,"href":"https:\/\/association-nigeriens-toulouse.fr\/index.php?rest_route=\/wp\/v2\/pages\/481\/revisions\/496"}],"wp:featuredmedia":[{"embeddable":true,"href":"https:\/\/association-nigeriens-toulouse.fr\/index.php?rest_route=\/wp\/v2\/media\/497"}],"wp:attachment":[{"href":"https:\/\/association-nigeriens-toulouse.fr\/index.php?rest_route=%2Fwp%2Fv2%2Fmedia&parent=481"}],"curies":[{"name":"wp","href":"https:\/\/api.w.org\/{rel}","templated":true}]}}